NOAA-Style Climate Reports

Seleziona il Report di un Mese o un Anno
2024: Gen Feb Mar Apr Mag Giu Lug Ago Set Ott Nov Dic
2023: Gen Feb Mar Apr Mag Giu Lug Ago Set Ott Nov Dic
2022: Gen Feb Mar Apr Mag Giu Lug Ago Set Ott Nov Dic
2021: Gen Feb Mar Apr Mag Giu Lug Ago Set Ott Nov Dic
2020: Gen Feb Mar Apr Mag Giu Lug Ago Set Ott Nov Dic

Report for 2024 Aprile
                   MONTHLY CLIMATOLOGICAL SUMMARY for APR. 2024

NAME: Valenzano Lamie   CITY: Valenzano Lamie   STATE: Italia 
ELEV:   105 m  LAT:  41° 01' 53" N  LONG:  16° 52' 33" E

                   TEMPERATURE (°C), RAIN  (mm), WIND SPEED (km/hr)

                                      HEAT  COOL        AVG
    MEAN                              DEG   DEG         WIND                 DOM
DAY TEMP  HIGH   TIME   LOW    TIME   DAYS  DAYS  RAIN  SPEED HIGH   TIME    DIR
------------------------------------------------------------------------------------
 1  17.6  21.8   16:37  15.4    2:32   1.3   0.6   0.0  25.9  66.0   15:09     S
 2  15.7  20.5   13:02  10.4    6:33   2.9   0.2   0.0   7.9  40.2    1:58     W
 3  14.7  20.4   11:41   7.9    5:31   3.9   0.2   0.0   5.1  25.7   13:06   SSW
 4  14.9  19.9   14:03  10.0    5:33   3.6   0.2   0.0   5.3  25.7   14:18    SW
 5  15.4  21.1   12:52   9.9    6:59   3.4   0.5   0.0   3.5  22.5   14:16   SSW
 6  16.3  22.2   14:33   9.9    6:36   3.0   1.0   0.0   2.6  22.5   11:21    NE
 7  17.1  23.3   12:42  11.6    1:58   2.7   1.5   0.0   4.0  25.7   14:40    NW
 8  18.5  25.3   16:08  10.8    6:19   2.2   2.4   0.0   7.7  32.2   18:51   SSW
 9  21.3  28.4   13:47  16.0    2:41   0.5   3.5   0.0  12.9  40.2   16:36   SSW
10  18.2  24.1   10:21  13.0    6:14   1.5   1.4   0.0   4.2  24.1   10:47   SSW
11  16.6  21.8   15:27  12.1    5:31   2.5   0.7   0.0   4.3  30.6   14:44    NW
12  17.4  23.4   14:34  11.8    6:42   2.3   1.4   0.0   4.8  25.7   11:13   WSW
13  18.2  24.4   12:28  12.7    1:25   2.0   1.9   0.0   4.2  24.1   12:46   WSW
14  19.7  24.9   14:08  12.7    0:50   1.4   2.9   0.0   4.7  20.9   14:09    SW
15  22.7  30.2   12:45  13.8    4:39   0.5   4.9   0.0   9.3  37.0   17:22   SSW
16  20.5  25.8   12:44  15.9   22:02   0.5   2.8   1.0  16.4  69.2   15:31   SSW
17  14.7  17.8   14:37   9.1   00:00   3.6   0.0   0.8  11.3  40.2   14:12    NW
18  11.9  16.1   11:55   8.8    0:30   6.4   0.0   2.4   6.4  29.0   12:35     W
19  10.5  14.4   18:22   8.3    2:57   7.8   0.0   6.2   7.4  35.4   17:48    NW
20  11.6  17.2   12:59   5.0    5:44   6.7   0.0   1.4   5.6  32.2   15:48     W
21   9.8  12.4    9:40   8.2    6:02   4.4   0.0   0.8  11.3  54.7   10:05     W
22
23
24
25
26
27
28
29
30
-------------------------------------------------------------------------------------
    16.3  30.2    15     5.0    20    63.0  26.1  12.5   7.9  69.2    16     SSW

Max >=  32.0:  0
Max <=   0.0:  0
Min <=   0.0:  0
Min <= -18.0:  0
Max Rain: 6.20 ON 19/04/24
Days of Rain: 6 (> .2 mm) 2 (> 2 mm) 0 (> 20 mm)
Heat Base:  18.3  Cool Base:  18.3  Method: Integration