NOAA-Style Climate Reports
Seleziona il Report di un Mese o un Anno
2024: Gen Feb Mar Apr Mag Giu Lug Ago Set Ott Nov Dic
2023: Gen Feb Mar Apr Mag Giu Lug Ago Set Ott Nov Dic
2022: Gen Feb Mar Apr Mag Giu Lug Ago Set Ott Nov Dic
2021: Gen Feb Mar Apr Mag Giu Lug Ago Set Ott Nov Dic
2020: Gen Feb Mar Apr Mag Giu Lug Ago Set Ott Nov Dic
2024: Gen Feb Mar Apr Mag Giu Lug Ago Set Ott Nov Dic
2023: Gen Feb Mar Apr Mag Giu Lug Ago Set Ott Nov Dic
2022: Gen Feb Mar Apr Mag Giu Lug Ago Set Ott Nov Dic
2021: Gen Feb Mar Apr Mag Giu Lug Ago Set Ott Nov Dic
2020: Gen Feb Mar Apr Mag Giu Lug Ago Set Ott Nov Dic
Report for 2020 Settembre
MONTHLY CLIMATOLOGICAL SUMMARY for SEP. 2020 NAME: Valenzano Lamie CITY: STATE: ELEV: 116 m LAT: 41° 01' 58" N LONG: 16° 52' 28" E TEMPERATURE (°C), RAIN (mm), WIND SPEED (km/hr) HEAT COOL AVG MEAN DEG DEG WIND DOM DAY TEMP HIGH TIME LOW TIME DAYS DAYS RAIN SPEED HIGH TIME DIR ------------------------------------------------------------------------------------ 1 21.6 24.3 18:10 19.1 23:36 0.0 0.8 0.0 3.2 24.1 18:21 NE 2 22.0 26.7 15:52 16.9 5:54 0.2 3.8 0.0 3.1 24.1 13:56 NE 3 22.7 27.7 15:23 18.5 3:43 0.0 4.4 0.0 3.5 29.0 15:58 NE 4 22.9 27.3 15:51 18.2 6:22 0.0 4.6 0.0 6.0 32.2 12:36 WSW 5 22.4 27.4 12:46 17.4 6:33 0.1 4.1 0.0 4.3 29.0 12:54 NE 6 23.3 28.9 16:21 16.3 6:22 0.3 5.3 0.0 3.2 24.1 13:05 NE 7 25.0 32.1 12:14 19.7 6:34 0.0 6.7 0.0 2.9 30.6 12:43 NE 8 25.1 29.6 14:51 21.4 23:54 0.0 6.8 0.0 3.9 25.7 15:39 W 9 24.1 29.3 13:35 19.8 5:08 0.0 5.7 0.0 3.9 25.7 14:56 W 10 24.3 30.8 15:49 18.2 6:12 0.0 6.0 0.0 2.6 22.5 14:33 W 11 23.9 28.7 16:52 18.6 6:34 0.0 5.6 0.0 3.5 24.1 15:37 W 12 23.6 28.4 12:42 19.2 6:21 0.0 5.3 0.0 3.1 29.0 14:34 NE 13 24.3 29.4 14:24 19.2 6:50 0.0 6.0 0.0 3.5 25.7 10:50 W 14 24.2 29.1 13:25 19.2 4:41 0.0 5.9 0.0 3.9 29.0 15:22 W 15 23.9 28.2 14:28 19.9 23:57 0.0 5.6 0.0 3.1 25.7 13:19 NE 16 23.2 27.8 14:39 19.4 6:02 0.0 4.8 0.0 3.2 29.0 13:27 W 17 24.3 28.4 13:49 21.3 5:33 0.0 6.0 0.2 4.0 30.6 15:35 W 18 25.3 29.3 13:51 22.3 0:34 0.0 7.0 0.0 6.1 30.6 11:37 W 19 23.1 27.2 14:35 19.4 23:58 0.0 4.8 0.0 4.0 24.1 13:58 NE 20 22.2 27.8 13:24 16.8 6:49 0.2 4.1 0.0 2.6 22.5 14:11 NE 21 22.8 29.3 14:04 18.1 5:47 0.0 4.4 27.8 2.7 29.0 12:52 NE 22 22.5 31.1 14:06 18.5 6:03 0.0 4.2 31.6 3.7 40.2 16:38 SE 23 22.8 32.1 15:15 17.9 6:22 0.0 4.5 13.4 2.9 37.0 18:42 SE 24 22.2 27.2 12:25 17.2 6:47 0.1 4.0 0.0 3.7 22.5 13:31 W 25 22.4 30.4 13:42 18.3 23:55 0.0 4.1 11.4 6.6 41.8 13:43 SE 26 17.1 21.8 16:18 13.8 9:14 1.8 0.5 1.8 5.8 43.5 14:25 W 27 19.1 24.4 15:07 13.3 4:11 1.4 2.2 3.4 10.9 46.7 17:02 SE 28 17.8 24.2 14:17 13.8 6:02 1.5 0.9 4.6 4.2 29.0 20:12 W 29 17.5 23.0 16:47 12.8 4:04 2.2 1.3 0.0 1.1 20.9 12:10 W 30 17.2 22.8 15:34 11.5 6:56 2.3 1.2 0.0 1.8 20.9 12:20 NE ------------------------------------------------------------------------------------- 22.4 32.1 7 11.5 30 9.9 130.4 94.2 3.9 46.7 27 W Max >= 32.0: 2 Max <= 0.0: 0 Min <= 0.0: 0 Min <= -18.0: 0 Max Rain: 31.60 ON 22/09/20 Days of Rain: 8 (> .2 mm) 6 (> 2 mm) 2 (> 20 mm) Heat Base: 18.3 Cool Base: 18.3 Method: Integration