NOAA-Style Climate Reports
Seleziona il Report di un Mese o un Anno
2024: Gen Feb Mar Apr Mag Giu Lug Ago Set Ott Nov Dic
2023: Gen Feb Mar Apr Mag Giu Lug Ago Set Ott Nov Dic
2022: Gen Feb Mar Apr Mag Giu Lug Ago Set Ott Nov Dic
2021: Gen Feb Mar Apr Mag Giu Lug Ago Set Ott Nov Dic
2020: Gen Feb Mar Apr Mag Giu Lug Ago Set Ott Nov Dic
2024: Gen Feb Mar Apr Mag Giu Lug Ago Set Ott Nov Dic
2023: Gen Feb Mar Apr Mag Giu Lug Ago Set Ott Nov Dic
2022: Gen Feb Mar Apr Mag Giu Lug Ago Set Ott Nov Dic
2021: Gen Feb Mar Apr Mag Giu Lug Ago Set Ott Nov Dic
2020: Gen Feb Mar Apr Mag Giu Lug Ago Set Ott Nov Dic
Report for 2021 Agosto
MONTHLY CLIMATOLOGICAL SUMMARY for AUG. 2021 NAME: Valenzano Lamie CITY: Valenzano Lamie STATE: Italia ELEV: 105 m LAT: 41° 01' 58" N LONG: 16° 52' 28" E TEMPERATURE (°C), RAIN (mm), WIND SPEED (km/hr) HEAT COOL AVG MEAN DEG DEG WIND DOM DAY TEMP HIGH TIME LOW TIME DAYS DAYS RAIN SPEED HIGH TIME DIR ------------------------------------------------------------------------------------ 1 34.3 43.2 15:28 25.9 5:45 0.0 16.0 0.0 5.3 33.8 14:42 SE 2 29.8 32.8 1:09 23.8 23:59 0.0 11.5 0.0 5.5 30.6 9:25 NE 3 28.6 37.4 15:15 20.6 5:59 0.0 10.3 0.0 2.7 29.0 14:46 W 4 29.2 37.1 15:13 20.8 5:49 0.0 10.9 0.0 5.5 30.6 13:25 SE 5 30.4 36.3 13:49 23.2 23:58 0.0 12.1 0.0 9.0 43.5 14:31 W 6 26.4 30.6 12:45 22.3 0:46 0.0 8.1 0.0 4.7 33.8 13:30 NE 7 27.8 33.1 17:28 21.1 6:07 0.0 9.5 0.0 4.2 24.1 14:55 NE 8 31.7 38.4 13:31 25.2 5:41 0.0 13.4 0.0 9.3 43.5 16:30 SE 9 30.7 35.9 13:05 23.1 5:51 0.0 12.4 0.0 3.2 24.1 13:12 NE 10 30.0 35.8 15:27 22.8 5:07 0.0 11.7 0.0 4.2 27.4 23:39 NE 11 29.4 33.9 15:25 24.0 23:59 0.0 11.1 0.4 3.9 38.6 21:58 W 12 27.4 33.0 16:45 21.1 6:05 0.0 9.2 0.0 3.1 25.7 15:18 W 13 28.0 33.6 14:33 22.6 1:58 0.0 9.7 0.0 3.1 22.5 14:40 W 14 27.1 32.8 16:16 21.6 4:07 0.0 8.8 0.0 2.7 29.0 13:26 NE 15 28.4 35.4 13:57 21.6 2:19 0.0 10.1 0.0 2.6 20.9 11:00 NE 16 31.1 39.8 14:39 23.1 5:50 0.0 12.8 0.0 5.8 33.8 17:52 SE 17 29.7 33.9 13:36 25.5 6:16 0.0 11.4 0.0 6.0 29.0 13:55 NE 18 26.9 30.5 13:26 23.3 6:40 0.0 8.6 0.0 4.5 30.6 14:40 WSW 19 25.2 30.0 13:23 21.1 4:29 0.0 6.9 0.0 4.3 29.0 13:45 W 20 25.4 29.9 15:16 20.5 2:34 0.0 7.1 0.0 3.5 25.7 14:57 W 21 26.2 30.8 13:40 21.2 6:23 0.0 7.9 0.0 3.4 25.7 12:17 W 22 25.6 30.8 16:08 19.8 4:57 0.0 7.2 0.0 3.2 24.1 13:01 NE 23 28.4 34.3 15:49 21.2 4:00 0.0 10.1 0.0 4.0 25.7 12:54 SE 24 26.0 29.2 12:44 23.2 6:29 0.0 7.7 0.0 4.2 32.2 14:43 NE 25 25.2 28.9 11:53 22.7 6:39 0.0 6.8 0.0 4.3 29.0 13:06 NE 26 23.8 27.9 11:48 19.6 23:50 0.0 5.5 2.8 3.4 30.6 14:29 NE 27 25.1 31.8 13:37 18.4 5:00 0.0 6.8 0.2 3.4 29.0 14:24 W 28 24.9 32.2 13:30 19.9 5:53 0.0 6.6 1.4 3.5 30.6 14:02 W 29 21.5 26.4 13:40 17.4 23:55 0.1 3.3 0.0 4.3 32.2 15:15 WSW 30 21.4 25.6 12:04 16.7 4:36 0.3 3.4 0.0 4.2 27.4 14:06 NE 31 23.5 28.5 15:49 17.0 4:57 0.1 5.3 0.0 3.1 25.7 12:32 NE ------------------------------------------------------------------------------------- 27.4 43.2 1 16.7 30 0.4 282.2 4.8 4.3 43.5 5 NE Max >= 32.0: 18 Max <= 0.0: 0 Min <= 0.0: 0 Min <= -18.0: 0 Max Rain: 2.79 ON 26/08/21 Days of Rain: 4 (> .2 mm) 1 (> 2 mm) 0 (> 20 mm) Heat Base: 18.3 Cool Base: 18.3 Method: Integration