NOAA-Style Climate Reports
Seleziona il Report di un Mese o un Anno
2024: Gen Feb Mar Apr Mag Giu Lug Ago Set Ott Nov Dic
2023: Gen Feb Mar Apr Mag Giu Lug Ago Set Ott Nov Dic
2022: Gen Feb Mar Apr Mag Giu Lug Ago Set Ott Nov Dic
2021: Gen Feb Mar Apr Mag Giu Lug Ago Set Ott Nov Dic
2020: Gen Feb Mar Apr Mag Giu Lug Ago Set Ott Nov Dic
2024: Gen Feb Mar Apr Mag Giu Lug Ago Set Ott Nov Dic
2023: Gen Feb Mar Apr Mag Giu Lug Ago Set Ott Nov Dic
2022: Gen Feb Mar Apr Mag Giu Lug Ago Set Ott Nov Dic
2021: Gen Feb Mar Apr Mag Giu Lug Ago Set Ott Nov Dic
2020: Gen Feb Mar Apr Mag Giu Lug Ago Set Ott Nov Dic
Report for 2022 Luglio
MONTHLY CLIMATOLOGICAL SUMMARY for JUL. 2022 NAME: Valenzano Lamie CITY: Valenzano Lamie STATE: Italia ELEV: 105 m LAT: 41° 01' 58" N LONG: 16° 52' 28" E TEMPERATURE (°C), RAIN (mm), WIND SPEED (km/hr) HEAT COOL AVG MEAN DEG DEG WIND DOM DAY TEMP HIGH TIME LOW TIME DAYS DAYS RAIN SPEED HIGH TIME DIR ------------------------------------------------------------------------------------ 1 29.9 35.4 15:56 22.5 4:38 0.0 11.6 0.0 4.5 27.4 12:45 NE 2 28.9 33.0 14:11 24.0 00:00 0.0 10.6 0.0 3.9 25.7 13:22 NE 3 27.9 34.0 14:53 21.3 5:26 0.0 9.6 0.0 3.9 29.0 13:35 NE 4 28.2 33.8 11:49 21.8 5:24 0.0 9.9 0.0 3.7 29.0 13:37 NE 5 29.1 36.6 14:11 21.4 4:52 0.0 10.8 0.0 3.4 25.7 17:49 NE 6 27.6 32.5 14:26 23.4 5:39 0.0 9.3 0.0 4.0 29.0 14:29 W 7 27.0 31.5 14:42 21.8 4:51 0.0 8.7 0.4 4.0 29.0 14:09 W 8 21.6 26.2 14:41 17.7 17:58 0.0 3.3 21.6 5.5 41.8 22:29 W 9 24.5 26.8 15:43 22.5 23:38 0.0 6.2 0.0 9.3 38.6 11:13 NW 10 23.6 28.3 15:37 17.6 5:35 0.0 5.3 0.0 5.3 30.6 12:57 W 11 23.8 27.9 17:55 19.3 5:06 0.0 5.5 0.0 4.3 27.4 15:29 W 12 24.1 28.9 16:12 18.2 4:43 0.0 5.8 0.0 3.1 22.5 16:17 W 13 23.3 27.9 16:24 18.3 5:38 0.0 5.0 0.6 5.0 29.0 10:20 W 14 24.1 29.9 16:03 17.6 3:05 0.0 5.8 0.0 3.2 22.5 9:30 W 15 26.2 33.2 16:22 18.3 4:30 0.0 7.9 0.0 2.7 22.5 16:37 NE 16 28.4 34.7 14:51 19.8 5:24 0.0 10.2 0.0 3.4 22.5 14:08 NE 17 28.1 33.5 18:53 21.8 5:25 0.0 9.8 0.0 3.2 22.5 13:00 NE 18 26.8 32.6 16:55 22.2 00:00 0.0 8.5 0.0 3.4 25.7 14:44 W 19 25.4 30.5 15:53 19.5 4:39 0.0 7.1 0.0 3.4 24.1 9:57 NE 20 25.3 30.7 15:54 18.9 4:28 0.0 7.0 0.0 2.9 24.1 14:34 NE 21 26.9 32.5 18:57 18.7 5:51 0.0 8.6 0.0 3.2 24.1 13:23 NE 22 27.8 34.4 15:12 20.2 5:35 0.0 9.5 0.0 3.4 27.4 13:07 NE 23 29.9 36.5 16:35 22.7 3:59 0.0 11.6 0.0 3.9 24.1 15:51 NE 24 30.4 36.4 18:01 23.9 5:46 0.0 12.1 0.0 3.4 24.1 13:58 NE 25 29.6 34.3 13:40 23.9 5:07 0.0 11.3 0.0 3.1 25.7 14:05 NE 26 29.2 36.1 11:06 23.7 5:12 0.0 10.9 0.0 2.9 27.4 12:34 NE 27 28.3 34.7 13:50 23.0 5:46 0.0 10.0 0.0 3.9 37.0 20:14 NE 28 26.2 30.7 17:33 21.2 5:49 0.0 7.9 0.0 3.5 29.0 14:59 NE 29 27.4 32.1 10:40 21.1 5:53 0.0 9.1 0.0 3.5 30.6 13:24 NE 30 27.4 33.4 15:51 22.3 5:41 0.0 9.1 6.6 3.7 32.2 19:50 NE 31 26.6 30.5 16:21 22.5 23:53 0.0 8.3 0.0 5.3 30.6 12:29 W ------------------------------------------------------------------------------------- 26.9 36.6 5 17.6 10 0.1 266.3 29.2 3.9 41.8 8 NE Max >= 32.0: 19 Max <= 0.0: 0 Min <= 0.0: 0 Min <= -18.0: 0 Max Rain: 21.59 ON 08/07/22 Days of Rain: 4 (> .2 mm) 2 (> 2 mm) 1 (> 20 mm) Heat Base: 18.3 Cool Base: 18.3 Method: Integration