NOAA-Style Climate Reports
Seleziona il Report di un Mese o un Anno
2024: Gen Feb Mar Apr Mag Giu Lug Ago Set Ott Nov Dic
2023: Gen Feb Mar Apr Mag Giu Lug Ago Set Ott Nov Dic
2022: Gen Feb Mar Apr Mag Giu Lug Ago Set Ott Nov Dic
2021: Gen Feb Mar Apr Mag Giu Lug Ago Set Ott Nov Dic
2020: Gen Feb Mar Apr Mag Giu Lug Ago Set Ott Nov Dic
2024: Gen Feb Mar Apr Mag Giu Lug Ago Set Ott Nov Dic
2023: Gen Feb Mar Apr Mag Giu Lug Ago Set Ott Nov Dic
2022: Gen Feb Mar Apr Mag Giu Lug Ago Set Ott Nov Dic
2021: Gen Feb Mar Apr Mag Giu Lug Ago Set Ott Nov Dic
2020: Gen Feb Mar Apr Mag Giu Lug Ago Set Ott Nov Dic
Report for 2023 Agosto
MONTHLY CLIMATOLOGICAL SUMMARY for AUG. 2023 NAME: Valenzano Lamie CITY: Valenzano Lamie STATE: Italia ELEV: 105 m LAT: 41° 01' 53" N LONG: 16° 52' 33" E TEMPERATURE (°C), RAIN (mm), WIND SPEED (km/hr) HEAT COOL AVG MEAN DEG DEG WIND DOM DAY TEMP HIGH TIME LOW TIME DAYS DAYS RAIN SPEED HIGH TIME DIR ------------------------------------------------------------------------------------ 1 27.4 34.7 17:55 20.2 4:03 0.0 9.1 0.0 8.0 32.2 15:12 SSW 2 28.1 33.2 11:47 21.1 6:07 0.0 9.8 0.0 6.6 29.0 14:08 ENE 3 29.1 35.8 14:23 22.1 5:23 0.0 10.8 0.0 8.7 30.6 12:22 SSW 4 29.2 36.4 14:23 23.1 5:39 0.0 10.9 0.0 13.8 53.1 23:14 SSW 5 23.7 29.5 14:31 19.5 23:39 0.0 5.4 6.4 7.7 45.1 14:48 W 6 24.0 29.8 15:47 17.9 3:41 0.0 5.7 0.0 7.7 24.1 11:47 W 7 23.7 28.4 13:22 18.1 4:59 0.0 5.4 0.6 7.4 30.6 12:27 NE 8 22.4 26.7 16:34 17.6 6:27 0.0 4.2 0.0 6.3 32.2 11:48 W 9 22.3 27.2 14:50 16.2 5:52 0.3 4.4 0.0 5.1 27.4 13:33 WSW 10 23.5 28.2 11:55 17.3 6:09 0.1 5.2 0.0 5.5 29.0 13:13 SW 11 23.8 27.8 15:31 18.4 5:32 0.0 5.5 0.0 6.9 32.2 12:48 NW 12 23.3 27.3 15:48 18.8 00:00 0.0 5.0 0.0 6.9 33.8 14:11 W 13 22.9 27.8 13:22 17.3 5:09 0.1 4.8 0.0 4.8 29.0 13:31 NE 14 24.1 29.4 15:34 18.1 6:01 0.0 5.8 0.0 4.8 25.7 11:46 NE 15 24.9 29.9 12:53 19.2 5:51 0.0 6.6 0.0 5.0 30.6 14:09 NE 16 25.4 30.8 13:18 19.7 5:25 0.0 7.1 0.0 4.5 29.0 14:11 NE 17 25.8 30.8 13:39 20.9 5:38 0.0 7.5 0.0 6.1 30.6 13:50 W 18 26.5 31.4 13:43 21.2 1:28 0.0 8.2 0.0 6.6 29.0 13:19 W 19 26.8 31.9 15:26 21.1 2:25 0.0 8.5 0.0 7.1 32.2 10:17 NW 20 26.7 30.4 11:59 22.0 6:33 0.0 8.3 0.0 6.1 29.0 13:38 W 21 27.6 32.1 14:35 22.4 6:11 0.0 9.3 0.0 5.3 25.7 12:35 NNW 22 27.3 31.7 13:24 23.2 4:40 0.0 9.0 0.0 5.0 27.4 14:15 W 23 27.1 31.1 12:46 23.1 3:21 0.0 8.7 0.0 4.8 27.4 13:17 NW 24 27.8 33.6 12:12 22.8 3:17 0.0 9.5 0.0 4.5 32.2 13:07 WSW 25 28.2 33.7 12:47 22.9 6:10 0.0 9.9 0.0 4.2 24.1 13:45 SW 26 28.6 34.6 15:35 21.1 6:28 0.0 10.3 0.0 5.5 24.1 12:08 SSW 27 31.2 38.5 15:18 23.6 6:32 0.0 12.9 0.0 9.0 29.0 18:38 SSW 28 29.5 37.1 14:39 24.7 23:41 0.0 11.2 0.0 15.4 41.8 11:19 SSW 29 24.7 30.7 13:27 19.4 5:58 0.0 6.4 0.0 10.1 41.8 11:57 WSW 30 23.5 28.1 12:18 18.4 4:59 0.0 5.2 0.0 9.7 37.0 11:28 SW 31 22.6 27.2 13:08 18.3 4:45 0.0 4.3 0.0 8.0 35.4 9:24 SW ------------------------------------------------------------------------------------- 25.9 38.5 27 16.2 9 0.6 235.0 7.0 7.0 53.1 4 W Max >= 32.0: 10 Max <= 0.0: 0 Min <= 0.0: 0 Min <= -18.0: 0 Max Rain: 6.40 ON 05/08/23 Days of Rain: 2 (> .2 mm) 1 (> 2 mm) 0 (> 20 mm) Heat Base: 18.3 Cool Base: 18.3 Method: Integration